{"id":221547,"date":"2026-03-26T10:25:47","date_gmt":"2026-03-26T09:25:47","guid":{"rendered":"https:\/\/zempleninfo.eu\/?ajde_events=kaveszunet-zenekar-trendhagyo-irodalomora"},"modified":"2026-03-26T10:28:21","modified_gmt":"2026-03-26T09:28:21","slug":"kaveszunet-zenekar-trendhagyo-irodalomora","status":"publish","type":"ajde_events","link":"https:\/\/zempleninfo.eu\/?ajde_events=kaveszunet-zenekar-trendhagyo-irodalomora","title":{"rendered":"K\u00e1v\u00e9sz\u00fcnet zenekar \u2013 Trendhagy\u00f3 irodalom\u00f3ra"},"content":{"rendered":"<h5 class=\"xdj266r x14z9mp xat24cr x1lziwak x1vvkbs\" style=\"text-align: center;\">Trendhagy\u00f3 irodalom\u00f3ra a K\u00e1v\u00e9sz\u00fcnet zenekarral a magyar k\u00f6lt\u00e9szet napja alkalm\u00e1b\u00f3l<\/h5>\n<div class=\"x14z9mp xat24cr x1lziwak x1vvkbs xtlvy1s\">\u00a0<\/div>\n<div class=\"x14z9mp xat24cr x1lziwak x1vvkbs xtlvy1s\">A K\u00e1v\u00e9sz\u00fcnet zenekar koncertj\u00e9n modern hangszerel\u00e9ssel sz\u00f3lalnak meg a j\u00f3l ismert, k\u00f6telez\u0151 versek. Egy k\u00f6nny\u0171zenei, interakt\u00edv program keret\u00e9ben hallhatjuk \u00fajra a magyar irodalom legszebb k\u00f6ltem\u00e9nyeit.<\/div>\n<div class=\"x14z9mp xat24cr x1lziwak x1vvkbs xtlvy1s\">K\u00e1v\u00e9sz\u00fcnet zenekar:\u00a0<a class=\"x1i10hfl xjbqb8w x1ejq31n x18oe1m7 x1sy0etr xstzfhl x972fbf x10w94by x1qhh985 x14e42zd x9f619 x1ypdohk xt0psk2 x3ct3a4 xdj266r x14z9mp xat24cr x1lziwak xexx8yu xyri2b x18d9i69 x1c1uobl x16tdsg8 x1hl2dhg xggy1nq x1a2a7pz xkrqix3 x1sur9pj x1fey0fg x1s688f\" tabindex=\"0\" role=\"link\" href=\"https:\/\/l.facebook.com\/l.php?u=https%3A%2F%2Fwww.youtube.com%2Fwatch%3Fv%3DP-y1m5lH9Mk%26fbclid%3DIwZXh0bgNhZW0CMTAAYnJpZBEweTEwaVF6aEhzQ3BZOGVMdXNydGMGYXBwX2lkEDIyMjAzOTE3ODgyMDA4OTIAAR4ftC9nx58S-5EIB2P13anYGYDTt1PvQ1oyxXIbEz-Ur1iMovsSwo13WwTuXw_aem_rjm38swYlLxHg2AiKtX5Uw&amp;h=AT6_splsd-w9DIgRGe4l3e4t5LOSnkeLUjNCnwBkgi8aYyk_Y0gU5BgChYibnbfLM3kuXxtLOqhgJOqacmkvar54KZwFKLycp4nsrKP8rbW-Y0l-VLdEoaMjPNXGM0TweC7Zdouo3_iPyfzT&amp;__tn__=q&amp;c[0]=AT5kvXYQIBrQLHtxkb1rJhii2_uwZP_rr2Kq9vt8o-9zXuc8I6QgK7AsuJ-xTpxiHPpt6VtXI-wL34fWLFObB_uzwUoXFvBDQxT1-ovnfaJ44UN3Ki17uSxtNwVmgB3bWyO7amnOlRNt9IboHfJOvr1IY3FVcJUONlM\" target=\"_blank\" rel=\"nofollow noopener\">https:\/\/www.youtube.com\/watch?v=P-y1m5lH9Mk<\/a><\/div>\n<div>\u00a0<\/div>\n<div class=\"x14z9mp xat24cr x1lziwak x1vvkbs xtlvy1s\">A koncertre val\u00f3 bel\u00e9p\u00e9s d\u00edjtalan.<br class=\"html-br\" \/><br \/>\nA m\u00fazeum a rendezv\u00e9ny napj\u00e1n z\u00e1rva tart.<\/div>\n<div>\u00a0<\/div>\n<div class=\"x14z9mp xat24cr x1lziwak x1vvkbs xtlvy1s\">Szeretettel v\u00e1runk minden \u00e9rdekl\u0151d\u0151t!<\/div>\n","protected":false},"author":1,"featured_media":221546,"menu_order":0,"comment_status":"closed","ping_status":"closed","template":"","meta":[],"tags":[882],"event_type":[374],"event_type_2":[],"class_list":{"0":"post-221547","1":"ajde_events","2":"type-ajde_events","3":"status-publish","4":"has-post-thumbnail","6":"tag-program","7":"event_location-mnmkk-petofi-irodalmi-muzeum-a-magyar-nyelv-muzeuma","8":"event_type-szorakozas"},"lang":"hu","translations":{"hu":221547},"pll_sync_post":[],"_links":{"self":[{"href":"https:\/\/zempleninfo.eu\/index.php?rest_route=\/wp\/v2\/ajde_events\/221547","targetHints":{"allow":["GET"]}}],"collection":[{"href":"https:\/\/zempleninfo.eu\/index.php?rest_route=\/wp\/v2\/ajde_events"}],"about":[{"href":"https:\/\/zempleninfo.eu\/index.php?rest_route=\/wp\/v2\/types\/ajde_events"}],"author":[{"embeddable":true,"href":"https:\/\/zempleninfo.eu\/index.php?rest_route=\/wp\/v2\/users\/1"}],"replies":[{"embeddable":true,"href":"https:\/\/zempleninfo.eu\/index.php?rest_route=%2Fwp%2Fv2%2Fcomments&post=221547"}],"wp:featuredmedia":[{"embeddable":true,"href":"https:\/\/zempleninfo.eu\/index.php?rest_route=\/wp\/v2\/media\/221546"}],"wp:attachment":[{"href":"https:\/\/zempleninfo.eu\/index.php?rest_route=%2Fwp%2Fv2%2Fmedia&parent=221547"}],"wp:term":[{"taxonomy":"post_tag","embeddable":true,"href":"https:\/\/zempleninfo.eu\/index.php?rest_route=%2Fwp%2Fv2%2Ftags&post=221547"},{"taxonomy":"event_type","embeddable":true,"href":"https:\/\/zempleninfo.eu\/index.php?rest_route=%2Fwp%2Fv2%2Fevent_type&post=221547"},{"taxonomy":"event_type_2","embeddable":true,"href":"https:\/\/zempleninfo.eu\/index.php?rest_route=%2Fwp%2Fv2%2Fevent_type_2&post=221547"}],"curies":[{"name":"wp","href":"https:\/\/api.w.org\/{rel}","templated":true}]}}

Kávészünet zenekar – Trendhagyó irodalomóra

<h5 class="xdj266r x14z9mp xat24cr x1lziwak x1vvkbs" style="text-align: center;">Trendhagyó irodalomóra a Kávészünet zenekarral a magyar költészet napja alkalmából</h5>
<div class="x14z9mp xat24cr x1lziwak x1vvkbs xtlvy1s"> </div>
<div class="x14z9mp xat24cr x1lziwak x1vvkbs xtlvy1s">A Kávészünet zenekar koncertjén modern hangszereléssel szólalnak meg a jól ismert, kötelező versek. Egy könnyűzenei, interaktív program keretében hallhatjuk újra a magyar irodalom legszebb költeményeit.</div>
<div class="x14z9mp xat24cr x1lziwak x1vvkbs xtlvy1s">Kávészünet zenekar: <a class="x1i10hfl xjbqb8w x1ejq31n x18oe1m7 x1sy0etr xstzfhl x972fbf x10w94by x1qhh985 x14e42zd x9f619 x1ypdohk xt0psk2 x3ct3a4 xdj266r x14z9mp xat24cr x1lziwak xexx8yu xyri2b x18d9i69 x1c1uobl x16tdsg8 x1hl2dhg xggy1nq x1a2a7pz xkrqix3 x1sur9pj x1fey0fg x1s688f" tabindex="0" role="link" href="https://l.facebook.com/l.php?u=https%3A%2F%2Fwww.youtube.com%2Fwatch%3Fv%3DP-y1m5lH9Mk%26fbclid%3DIwZXh0bgNhZW0CMTAAYnJpZBEweTEwaVF6aEhzQ3BZOGVMdXNydGMGYXBwX2lkEDIyMjAzOTE3ODgyMDA4OTIAAR4ftC9nx58S-5EIB2P13anYGYDTt1PvQ1oyxXIbEz-Ur1iMovsSwo13WwTuXw_aem_rjm38swYlLxHg2AiKtX5Uw&amp;h=AT6_splsd-w9DIgRGe4l3e4t5LOSnkeLUjNCnwBkgi8aYyk_Y0gU5BgChYibnbfLM3kuXxtLOqhgJOqacmkvar54KZwFKLycp4nsrKP8rbW-Y0l-VLdEoaMjPNXGM0TweC7Zdouo3_iPyfzT&amp;__tn__=q&amp;c[0]=AT5kvXYQIBrQLHtxkb1rJhii2_uwZP_rr2Kq9vt8o-9zXuc8I6QgK7AsuJ-xTpxiHPpt6VtXI-wL34fWLFObB_uzwUoXFvBDQxT1-ovnfaJ44UN3Ki17uSxtNwVmgB3bWyO7amnOlRNt9IboHfJOvr1IY3FVcJUONlM" target="_blank" rel="nofollow noopener">https://www.youtube.com/watch?v=P-y1m5lH9Mk</a></div>
<div> </div>
<div class="x14z9mp xat24cr x1lziwak x1vvkbs xtlvy1s">A koncertre való belépés díjtalan.<br class="html-br" /><br />
A múzeum a rendezvény napján zárva tart.</div>
<div> </div>
<div class="x14z9mp xat24cr x1lziwak x1vvkbs xtlvy1s">Szeretettel várunk minden érdeklődőt!</div>
