{"id":221298,"date":"2026-02-26T16:07:29","date_gmt":"2026-02-26T15:07:29","guid":{"rendered":"https:\/\/zempleninfo.eu\/?ajde_events=deryne-fesztival"},"modified":"2026-04-29T09:09:54","modified_gmt":"2026-04-29T08:09:54","slug":"deryne-fesztival","status":"publish","type":"ajde_events","link":"https:\/\/zempleninfo.eu\/?ajde_events=deryne-fesztival","title":{"rendered":"D\u00e9ryn\u00e9 Fesztiv\u00e1l"},"content":{"rendered":"<h5 style=\"text-align: center;\"><strong>Fesztiv\u00e1lforgatag a zempl\u00e9ni hegyek \u00f6lel\u00e9s\u00e9ben<\/strong><\/h5>\n<p><strong>Sz\u00ednh\u00e1z, zene \u00e9s k\u00f6z\u00f6ss\u00e9gi egy\u00fcttl\u00e9t finom borok t\u00e1rsas\u00e1g\u00e1ban a fest\u0151i Zempl\u00e9nben. J\u00falius 15. \u00e9s 18. k\u00f6z\u00f6tt imm\u00e1ron hatodik alkalommal ker\u00fcl megrendez\u00e9sre a D\u00e9ryn\u00e9 Fesztiv\u00e1l. 4 napon \u00e1t, t\u00f6bb mint f\u00e9lsz\u00e1z ingyenes program v\u00e1rja a kult\u00fara szerelmeseit. Boldogs\u00e1gkeres\u00e9s, szerelem, t\u00e1nc \u00e9s mediterr\u00e1n szenved\u00e9ly a sz\u00ednh\u00e1zi programban, a legn\u00e9pszer\u0171bb hazai egy\u00fcttesek a zenei palett\u00e1n. Fell\u00e9p t\u00f6bbek k\u00f6z\u00f6tt a 4S Street, Biebers, Bohemian Betyars, D\u00e1nielfy \u00e9s a Szab\u00f3 Bal\u00e1zs Band\u00e1ja, valamint k\u00fcl\u00f6nleges zenei utaz\u00e1sra h\u00edv a D\u00e9ryn\u00e9 zenekar.<\/strong><\/p>\n<div class=\"x14z9mp xat24cr x1lziwak x1vvkbs xtlvy1s\">\u00a0<\/div>\n<div class=\"x14z9mp xat24cr x1lziwak x1vvkbs xtlvy1s\" style=\"text-align: center;\">KONCERTEK<\/div>\n<div>\u00a0<\/div>\n<div class=\"x14z9mp xat24cr x1lziwak x1vvkbs xtlvy1s\">Ungv\u00e1ri Borterasz<\/div>\n<div class=\"x14z9mp xat24cr x1lziwak x1vvkbs xtlvy1s\"><br class=\"html-br\" \/><br \/>\n&#8211; 07.16. 18:30 M\u00e1klik\u0151r, 19:30 4S Street<br class=\"html-br\" \/><br \/>\n&#8211; 07.17. 18:30 The Biebers, 19:30 D\u00e9ryn\u00e9 zenekar, 22:00 D\u00e1nielfy<br class=\"html-br\" \/><br \/>\n&#8211; 07.18. 19:00 Szab\u00f3 Bal\u00e1zs Band\u00e1ja, 22:30 Bohemian Betyars<\/div>\n<div>\u00a0<\/div>\n<div class=\"x14z9mp xat24cr x1lziwak x1vvkbs xtlvy1s\">Zs\u00f3lyomkai pincesor<br class=\"html-br\" \/><br \/>\n&#8211; 07.17. 17:00 \u00dajhelyi Kinga, 22:00 Papp S\u00e1ndor<\/div>\n<div>\u00a0<\/div>\n<div>\u00a0<\/div>\n<div class=\"x14z9mp xat24cr x1lziwak x1vvkbs xtlvy1s\" style=\"text-align: center;\">SZ\u00cdNH\u00c1ZI EL\u0150AD\u00c1SOK<\/div>\n<div class=\"x14z9mp xat24cr x1lziwak x1vvkbs xtlvy1s\">Kossuth Lajos M\u0171vel\u0151d\u00e9si K\u00f6zpont<br class=\"html-br\" \/><br \/>\n07.15. 18:00 D\u00e9ryn\u00e9 T\u00e1rsulat: Csal\u00f3ka sziv\u00e1rv\u00e1ny<br class=\"html-br\" \/><br \/>\n07.16. 18:00 Karinthy Sz\u00ednh\u00e1z: Blaha Lujza \u00e9s a piros bugyell\u00e1ris<\/div>\n<div>\u00a0<\/div>\n<div class=\"x14z9mp xat24cr x1lziwak x1vvkbs xtlvy1s\">V\u00f6lgysz\u00ednh\u00e1z<br class=\"html-br\" \/><br \/>\n07.16. 20:30 Delta Produkci\u00f3: Indulhatunk, Edit n\u00e9ni?<br class=\"html-br\" \/><br \/>\n07.17. 20:30 Forr\u00e1s N\u00e9pt\u00e1ncegy\u00fcttes: \u00datraval\u00f3<br class=\"html-br\" \/><br \/>\n07.18. 20:30 D\u00e9ryn\u00e9 T\u00e1rsulat: Chioggiai csetepat\u00e9<\/div>\n<div class=\"x14z9mp xat24cr x1lziwak x1vvkbs xtlvy1s\">A mozg\u00f3 sz\u00ednh\u00e1zi karav\u00e1n, a Theaterwagen is \u00fatnak indul. Fab\u00f3k Mancsi B\u00e1bsz\u00ednh\u00e1z\u00e1nak k\u00e9t produkci\u00f3ja az al\u00e1bbi telep\u00fcl\u00e9seken lesz l\u00e1that\u00f3: Holl\u00f3h\u00e1za, Mik\u00f3h\u00e1za, Karcsa, F\u00fcz\u00e9rradv\u00e1ny.<\/div>\n<div>\u00a0<\/div>\n<div class=\"x14z9mp xat24cr x1lziwak x1vvkbs xtlvy1s\" style=\"text-align: center;\">GYERMEKPROGRAMOK<\/div>\n<div class=\"x14z9mp xat24cr x1lziwak x1vvkbs xtlvy1s\"><br class=\"html-br\" \/><br \/>\nJ\u00falius 17. p\u00e9ntek<br class=\"html-br\" \/><br \/>\n&#8211; 14:00-17:30 Sz\u00e1zszorsz\u00e9p J\u00e1t\u00e9ksziget N\u00e9pi j\u00e1tsz\u00f3h\u00e1z &#8211; N\u00e9pi j\u00e1t\u00e9kok<br class=\"html-br\" \/><br \/>\n&#8211; 14:00-17:30 Csirip, csirip Zenem\u0171hely &#8211; hangszerk\u00e9sz\u00edt\u0151 k\u00e9zm\u0171ves foglalkoz\u00e1s<\/div>\n<div>\u00a0<\/div>\n<div class=\"x14z9mp xat24cr x1lziwak x1vvkbs xtlvy1s\">J\u00falius 18. szombat<br class=\"html-br\" \/><br \/>\n&#8211; 10:00-18:00 Sz\u00e1zszorsz\u00e9p J\u00e1t\u00e9ksziget N\u00e9pi j\u00e1tsz\u00f3h\u00e1z &#8211; N\u00e9pi j\u00e1t\u00e9kok<br class=\"html-br\" \/><br \/>\n&#8211; 10:00-18:00 Csirip, csirip Zenem\u0171hely &#8211; hangszerk\u00e9sz\u00edt\u0151 k\u00e9zm\u0171ves foglalkoz\u00e1s<\/div>\n<div class=\"x14z9mp xat24cr x1lziwak x1vvkbs xtlvy1s\">&#8211; 11:00-12:00 Fej\u00e9r Simon: Hangszerv\u00e1ndor<\/div>\n<p style=\"text-align: center;\"><a href=\"https:\/\/www.facebook.com\/events\/2681358142236973\"><strong>D\u00e9ryn\u00e9 Fesztiv\u00e1l \u2013 2026. j\u00falius 15-18. S\u00e1toralja\u00fajhely<\/strong><\/a><\/p>\n<p style=\"text-align: center;\"><u>http:\/\/derynefesztival.hu<\/u><\/p>\n","protected":false},"author":1,"featured_media":219539,"menu_order":0,"comment_status":"closed","ping_status":"closed","template":"","meta":[],"tags":[882],"event_type":[363,364],"event_type_2":[],"class_list":{"0":"post-221298","1":"ajde_events","2":"type-ajde_events","3":"status-publish","4":"has-post-thumbnail","6":"tag-program","7":"event_type-egyeb","8":"event_type-fesztival"},"lang":"hu","translations":{"hu":221298},"pll_sync_post":[],"_links":{"self":[{"href":"https:\/\/zempleninfo.eu\/index.php?rest_route=\/wp\/v2\/ajde_events\/221298","targetHints":{"allow":["GET"]}}],"collection":[{"href":"https:\/\/zempleninfo.eu\/index.php?rest_route=\/wp\/v2\/ajde_events"}],"about":[{"href":"https:\/\/zempleninfo.eu\/index.php?rest_route=\/wp\/v2\/types\/ajde_events"}],"author":[{"embeddable":true,"href":"https:\/\/zempleninfo.eu\/index.php?rest_route=\/wp\/v2\/users\/1"}],"replies":[{"embeddable":true,"href":"https:\/\/zempleninfo.eu\/index.php?rest_route=%2Fwp%2Fv2%2Fcomments&post=221298"}],"wp:featuredmedia":[{"embeddable":true,"href":"https:\/\/zempleninfo.eu\/index.php?rest_route=\/wp\/v2\/media\/219539"}],"wp:attachment":[{"href":"https:\/\/zempleninfo.eu\/index.php?rest_route=%2Fwp%2Fv2%2Fmedia&parent=221298"}],"wp:term":[{"taxonomy":"post_tag","embeddable":true,"href":"https:\/\/zempleninfo.eu\/index.php?rest_route=%2Fwp%2Fv2%2Ftags&post=221298"},{"taxonomy":"event_type","embeddable":true,"href":"https:\/\/zempleninfo.eu\/index.php?rest_route=%2Fwp%2Fv2%2Fevent_type&post=221298"},{"taxonomy":"event_type_2","embeddable":true,"href":"https:\/\/zempleninfo.eu\/index.php?rest_route=%2Fwp%2Fv2%2Fevent_type_2&post=221298"}],"curies":[{"name":"wp","href":"https:\/\/api.w.org\/{rel}","templated":true}]}}

Déryné Fesztivál

<h5 style="text-align: center;"><strong>Fesztiválforgatag a zempléni hegyek ölelésében</strong></h5>
<p><strong>Színház, zene és közösségi együttlét finom borok társaságában a festői Zemplénben. Július 15. és 18. között immáron hatodik alkalommal kerül megrendezésre a Déryné Fesztivál. 4 napon át, több mint félszáz ingyenes program várja a kultúra szerelmeseit. Boldogságkeresés, szerelem, tánc és mediterrán szenvedély a színházi programban, a legnépszerűbb hazai együttesek a zenei palettán. Fellép többek között a 4S Street, Biebers, Bohemian Betyars, Dánielfy és a Szabó Balázs Bandája, valamint különleges zenei utazásra hív a Déryné zenekar.</strong></p>
<div class="x14z9mp xat24cr x1lziwak x1vvkbs xtlvy1s"> </div>
<div class="x14z9mp xat24cr x1lziwak x1vvkbs xtlvy1s" style="text-align: center;">KONCERTEK</div>
<div> </div>
<div class="x14z9mp xat24cr x1lziwak x1vvkbs xtlvy1s">Ungvári Borterasz</div>
<div class="x14z9mp xat24cr x1lziwak x1vvkbs xtlvy1s"><br class="html-br" /><br />
&#8211; 07.16. 18:30 Máklikőr, 19:30 4S Street<br class="html-br" /><br />
&#8211; 07.17. 18:30 The Biebers, 19:30 Déryné zenekar, 22:00 Dánielfy<br class="html-br" /><br />
&#8211; 07.18. 19:00 Szabó Balázs Bandája, 22:30 Bohemian Betyars</div>
<div> </div>
<div class="x14z9mp xat24cr x1lziwak x1vvkbs xtlvy1s">Zsólyomkai pincesor<br class="html-br" /><br />
&#8211; 07.17. 17:00 Újhelyi Kinga, 22:00 Papp Sándor</div>
<div> </div>
<div> </div>
<div class="x14z9mp xat24cr x1lziwak x1vvkbs xtlvy1s" style="text-align: center;">SZÍNHÁZI ELŐADÁSOK</div>
<div class="x14z9mp xat24cr x1lziwak x1vvkbs xtlvy1s">Kossuth Lajos Művelődési Központ<br class="html-br" /><br />
07.15. 18:00 Déryné Társulat: Csalóka szivárvány<br class="html-br" /><br />
07.16. 18:00 Karinthy Színház: Blaha Lujza és a piros bugyelláris</div>
<div> </div>
<div class="x14z9mp xat24cr x1lziwak x1vvkbs xtlvy1s">Völgyszínház<br class="html-br" /><br />
07.16. 20:30 Delta Produkció: Indulhatunk, Edit néni?<br class="html-br" /><br />
07.17. 20:30 Forrás Néptáncegyüttes: Útravaló<br class="html-br" /><br />
07.18. 20:30 Déryné Társulat: Chioggiai csetepaté</div>
<div class="x14z9mp xat24cr x1lziwak x1vvkbs xtlvy1s">A mozgó színházi karaván, a Theaterwagen is útnak indul. Fabók Mancsi Bábszínházának két produkciója az alábbi településeken lesz látható: Hollóháza, Mikóháza, Karcsa, Füzérradvány.</div>
<div> </div>
<div class="x14z9mp xat24cr x1lziwak x1vvkbs xtlvy1s" style="text-align: center;">GYERMEKPROGRAMOK</div>
<div class="x14z9mp xat24cr x1lziwak x1vvkbs xtlvy1s"><br class="html-br" /><br />
Július 17. péntek<br class="html-br" /><br />
&#8211; 14:00-17:30 Százszorszép Játéksziget Népi játszóház &#8211; Népi játékok<br class="html-br" /><br />
&#8211; 14:00-17:30 Csirip, csirip Zeneműhely &#8211; hangszerkészítő kézműves foglalkozás</div>
<div> </div>
<div class="x14z9mp xat24cr x1lziwak x1vvkbs xtlvy1s">Július 18. szombat<br class="html-br" /><br />
&#8211; 10:00-18:00 Százszorszép Játéksziget Népi játszóház &#8211; Népi játékok<br class="html-br" /><br />
&#8211; 10:00-18:00 Csirip, csirip Zeneműhely &#8211; hangszerkészítő kézműves foglalkozás</div>
<div class="x14z9mp xat24cr x1lziwak x1vvkbs xtlvy1s">&#8211; 11:00-12:00 Fejér Simon: Hangszervándor</div>
<p style="text-align: center;"><a href="https://www.facebook.com/events/2681358142236973"><strong>Déryné Fesztivál – 2026. július 15-18. Sátoraljaújhely</strong></a></p>
<p style="text-align: center;"><u>http://derynefesztival.hu</u></p>
